{"id":5731,"date":"2026-01-08T12:43:34","date_gmt":"2026-01-08T11:43:34","guid":{"rendered":"https:\/\/tones-syslerier.no\/?post_type=product&#038;p=5731"},"modified":"2026-02-27T13:59:12","modified_gmt":"2026-02-27T12:59:12","slug":"crealies-a-perfect-match-dies-flowers-b","status":"publish","type":"product","link":"https:\/\/tones-syslerier.no\/index.php\/produkt\/crealies-a-perfect-match-dies-flowers-b\/","title":{"rendered":"Crealies \u2022 A perfect match dies Flowers B"},"content":{"rendered":"<p>Artikkelkode CLPMD04<br \/>\nStrekkode 8720143085666<br \/>\nMerke Crealies<br \/>\nM\u00e5l maks. 29 x 28 mm<br \/>\nProdukttype Stansede skj\u00e6resjabloner<br \/>\nTema V\u00e5r, Sommer<br \/>\nMateriale Metall<br \/>\nM\u00f8nster Blader, Blomster<\/p>\n<p><img loading=\"lazy\" decoding=\"async\" class=\"alignnone size-medium wp-image-5732\" src=\"https:\/\/tones-syslerier.no\/wp-content\/uploads\/2026\/01\/clpmd04_01_1d20-300x300.webp\" alt=\"\" width=\"300\" height=\"300\" srcset=\"https:\/\/tones-syslerier.no\/wp-content\/uploads\/2026\/01\/clpmd04_01_1d20-300x300.webp 300w, https:\/\/tones-syslerier.no\/wp-content\/uploads\/2026\/01\/clpmd04_01_1d20-1024x1024.webp 1024w, https:\/\/tones-syslerier.no\/wp-content\/uploads\/2026\/01\/clpmd04_01_1d20-150x150.webp 150w, https:\/\/tones-syslerier.no\/wp-content\/uploads\/2026\/01\/clpmd04_01_1d20-768x768.webp 768w, https:\/\/tones-syslerier.no\/wp-content\/uploads\/2026\/01\/clpmd04_01_1d20-1536x1536.webp 1536w, https:\/\/tones-syslerier.no\/wp-content\/uploads\/2026\/01\/clpmd04_01_1d20-324x324.webp 324w, https:\/\/tones-syslerier.no\/wp-content\/uploads\/2026\/01\/clpmd04_01_1d20-416x416.webp 416w, https:\/\/tones-syslerier.no\/wp-content\/uploads\/2026\/01\/clpmd04_01_1d20-100x100.webp 100w, https:\/\/tones-syslerier.no\/wp-content\/uploads\/2026\/01\/clpmd04_01_1d20.webp 1600w\" sizes=\"auto, (max-width: 300px) 100vw, 300px\" \/><\/p>\n","protected":false},"excerpt":{"rendered":"<p>Artikkelkode CLPMD04 Strekkode 8720143085666 Merke Crealies M\u00e5l maks. 29 x 28 mm Produkttype Stansede skj\u00e6resjabloner Tema V\u00e5r, Sommer Materiale Metall M\u00f8nster Blader, Blomster<\/p>\n","protected":false},"featured_media":5732,"comment_status":"open","ping_status":"closed","template":"","meta":[],"product_brand":[],"product_cat":[175,143],"product_tag":[],"class_list":{"0":"post-5731","1":"product","2":"type-product","3":"status-publish","4":"has-post-thumbnail","6":"product_cat-dies","7":"product_cat-crealies-dies","9":"first","10":"instock","11":"taxable","12":"shipping-taxable","13":"purchasable","14":"product-type-simple"},"_links":{"self":[{"href":"https:\/\/tones-syslerier.no\/index.php\/wp-json\/wp\/v2\/product\/5731","targetHints":{"allow":["GET"]}}],"collection":[{"href":"https:\/\/tones-syslerier.no\/index.php\/wp-json\/wp\/v2\/product"}],"about":[{"href":"https:\/\/tones-syslerier.no\/index.php\/wp-json\/wp\/v2\/types\/product"}],"replies":[{"embeddable":true,"href":"https:\/\/tones-syslerier.no\/index.php\/wp-json\/wp\/v2\/comments?post=5731"}],"wp:featuredmedia":[{"embeddable":true,"href":"https:\/\/tones-syslerier.no\/index.php\/wp-json\/wp\/v2\/media\/5732"}],"wp:attachment":[{"href":"https:\/\/tones-syslerier.no\/index.php\/wp-json\/wp\/v2\/media?parent=5731"}],"wp:term":[{"taxonomy":"product_brand","embeddable":true,"href":"https:\/\/tones-syslerier.no\/index.php\/wp-json\/wp\/v2\/product_brand?post=5731"},{"taxonomy":"product_cat","embeddable":true,"href":"https:\/\/tones-syslerier.no\/index.php\/wp-json\/wp\/v2\/product_cat?post=5731"},{"taxonomy":"product_tag","embeddable":true,"href":"https:\/\/tones-syslerier.no\/index.php\/wp-json\/wp\/v2\/product_tag?post=5731"}],"curies":[{"name":"wp","href":"https:\/\/api.w.org\/{rel}","templated":true}]}}