{"id":5589,"date":"2025-10-08T19:54:19","date_gmt":"2025-10-08T17:54:19","guid":{"rendered":"https:\/\/tones-syslerier.no\/?post_type=product&#038;p=5589"},"modified":"2025-10-08T20:19:25","modified_gmt":"2025-10-08T18:19:25","slug":"las-magnetlas","status":"publish","type":"product","link":"https:\/\/tones-syslerier.no\/index.php\/produkt\/las-magnetlas\/","title":{"rendered":"L\u00e5s magnetl\u00e5s"},"content":{"rendered":"<p>St\u00f8rrelse: omkrets ca 6 cm<\/p>\n<p>&nbsp;<\/p>\n<p><img loading=\"lazy\" decoding=\"async\" class=\"alignnone size-medium wp-image-5591\" src=\"https:\/\/tones-syslerier.no\/wp-content\/uploads\/2025\/10\/las-002-246x300.jpg\" alt=\"\" width=\"246\" height=\"300\" srcset=\"https:\/\/tones-syslerier.no\/wp-content\/uploads\/2025\/10\/las-002-246x300.jpg 246w, https:\/\/tones-syslerier.no\/wp-content\/uploads\/2025\/10\/las-002-839x1024.jpg 839w, https:\/\/tones-syslerier.no\/wp-content\/uploads\/2025\/10\/las-002-768x937.jpg 768w, https:\/\/tones-syslerier.no\/wp-content\/uploads\/2025\/10\/las-002-1258x1536.jpg 1258w, https:\/\/tones-syslerier.no\/wp-content\/uploads\/2025\/10\/las-002-416x508.jpg 416w, https:\/\/tones-syslerier.no\/wp-content\/uploads\/2025\/10\/las-002.jpg 1532w\" sizes=\"auto, (max-width: 246px) 100vw, 246px\" \/><\/p>\n","protected":false},"excerpt":{"rendered":"<p>St\u00f8rrelse: omkrets ca 6 cm &nbsp;<\/p>\n","protected":false},"featured_media":5591,"comment_status":"open","ping_status":"closed","template":"","meta":[],"product_brand":[],"product_cat":[218,223],"product_tag":[],"class_list":{"0":"post-5589","1":"product","2":"type-product","3":"status-publish","4":"has-post-thumbnail","6":"product_cat-tones-veskemakeri","7":"product_cat-las-til-vesker","9":"first","10":"instock","11":"taxable","12":"shipping-taxable","13":"purchasable","14":"product-type-simple"},"_links":{"self":[{"href":"https:\/\/tones-syslerier.no\/index.php\/wp-json\/wp\/v2\/product\/5589","targetHints":{"allow":["GET"]}}],"collection":[{"href":"https:\/\/tones-syslerier.no\/index.php\/wp-json\/wp\/v2\/product"}],"about":[{"href":"https:\/\/tones-syslerier.no\/index.php\/wp-json\/wp\/v2\/types\/product"}],"replies":[{"embeddable":true,"href":"https:\/\/tones-syslerier.no\/index.php\/wp-json\/wp\/v2\/comments?post=5589"}],"wp:featuredmedia":[{"embeddable":true,"href":"https:\/\/tones-syslerier.no\/index.php\/wp-json\/wp\/v2\/media\/5591"}],"wp:attachment":[{"href":"https:\/\/tones-syslerier.no\/index.php\/wp-json\/wp\/v2\/media?parent=5589"}],"wp:term":[{"taxonomy":"product_brand","embeddable":true,"href":"https:\/\/tones-syslerier.no\/index.php\/wp-json\/wp\/v2\/product_brand?post=5589"},{"taxonomy":"product_cat","embeddable":true,"href":"https:\/\/tones-syslerier.no\/index.php\/wp-json\/wp\/v2\/product_cat?post=5589"},{"taxonomy":"product_tag","embeddable":true,"href":"https:\/\/tones-syslerier.no\/index.php\/wp-json\/wp\/v2\/product_tag?post=5589"}],"curies":[{"name":"wp","href":"https:\/\/api.w.org\/{rel}","templated":true}]}}