{"id":5379,"date":"2025-08-16T13:42:48","date_gmt":"2025-08-16T11:42:48","guid":{"rendered":"https:\/\/tones-syslerier.no\/?post_type=product&#038;p=5379"},"modified":"2026-01-07T21:04:19","modified_gmt":"2026-01-07T20:04:19","slug":"nellies-choice-cutting-die-clear-stamp-garden-flower-serie-poppy","status":"publish","type":"product","link":"https:\/\/tones-syslerier.no\/index.php\/produkt\/nellies-choice-cutting-die-clear-stamp-garden-flower-serie-poppy\/","title":{"rendered":"Nellie&#8217;s Choice \u2022 Cutting Die &#038; Clear Stamp Garden Flower Serie Poppy"},"content":{"rendered":"<p>Artikkelkode HDCS008<br \/>\nStrekkode 8719743097261<br \/>\nMerke Nellie&#8217;s Choice<br \/>\nProdukttype Stansede skj\u00e6resjabloner<br \/>\nTema V\u00e5r, Sommer<br \/>\nMateriale Metall<br \/>\nM\u00f8nster Blomster<br \/>\nApplikasjonspapir, Kunstjournaling, Scrapbooking<br \/>\nDesigner Nellie Snellen<br \/>\nFarge Bl\u00e5<\/p>\n<p>&nbsp;<\/p>\n<p><img loading=\"lazy\" decoding=\"async\" class=\"alignnone size-medium wp-image-5380\" src=\"https:\/\/tones-syslerier.no\/wp-content\/uploads\/2025\/08\/hdcs008_01_0923-300x300.webp\" alt=\"\" width=\"300\" height=\"300\" srcset=\"https:\/\/tones-syslerier.no\/wp-content\/uploads\/2025\/08\/hdcs008_01_0923-300x300.webp 300w, https:\/\/tones-syslerier.no\/wp-content\/uploads\/2025\/08\/hdcs008_01_0923-1024x1024.webp 1024w, https:\/\/tones-syslerier.no\/wp-content\/uploads\/2025\/08\/hdcs008_01_0923-150x150.webp 150w, https:\/\/tones-syslerier.no\/wp-content\/uploads\/2025\/08\/hdcs008_01_0923-768x768.webp 768w, https:\/\/tones-syslerier.no\/wp-content\/uploads\/2025\/08\/hdcs008_01_0923-1536x1536.webp 1536w, https:\/\/tones-syslerier.no\/wp-content\/uploads\/2025\/08\/hdcs008_01_0923-324x324.webp 324w, https:\/\/tones-syslerier.no\/wp-content\/uploads\/2025\/08\/hdcs008_01_0923-416x416.webp 416w, https:\/\/tones-syslerier.no\/wp-content\/uploads\/2025\/08\/hdcs008_01_0923-100x100.webp 100w, https:\/\/tones-syslerier.no\/wp-content\/uploads\/2025\/08\/hdcs008_01_0923.webp 1600w\" sizes=\"auto, (max-width: 300px) 100vw, 300px\" \/><\/p>\n","protected":false},"excerpt":{"rendered":"<p>Artikkelkode HDCS008 Strekkode 8719743097261 Merke Nellie&#8217;s Choice Produkttype Stansede skj\u00e6resjabloner Tema V\u00e5r, Sommer Materiale Metall M\u00f8nster Blomster Applikasjonspapir, Kunstjournaling, Scrapbooking Designer Nellie Snellen Farge Bl\u00e5 &nbsp;<\/p>\n","protected":false},"featured_media":5380,"comment_status":"open","ping_status":"closed","template":"","meta":[],"product_brand":[],"product_cat":[175,26],"product_tag":[],"class_list":{"0":"post-5379","1":"product","2":"type-product","3":"status-publish","4":"has-post-thumbnail","6":"product_cat-dies","7":"product_cat-dies-spesial","9":"first","10":"instock","11":"taxable","12":"shipping-taxable","13":"purchasable","14":"product-type-simple"},"_links":{"self":[{"href":"https:\/\/tones-syslerier.no\/index.php\/wp-json\/wp\/v2\/product\/5379","targetHints":{"allow":["GET"]}}],"collection":[{"href":"https:\/\/tones-syslerier.no\/index.php\/wp-json\/wp\/v2\/product"}],"about":[{"href":"https:\/\/tones-syslerier.no\/index.php\/wp-json\/wp\/v2\/types\/product"}],"replies":[{"embeddable":true,"href":"https:\/\/tones-syslerier.no\/index.php\/wp-json\/wp\/v2\/comments?post=5379"}],"wp:featuredmedia":[{"embeddable":true,"href":"https:\/\/tones-syslerier.no\/index.php\/wp-json\/wp\/v2\/media\/5380"}],"wp:attachment":[{"href":"https:\/\/tones-syslerier.no\/index.php\/wp-json\/wp\/v2\/media?parent=5379"}],"wp:term":[{"taxonomy":"product_brand","embeddable":true,"href":"https:\/\/tones-syslerier.no\/index.php\/wp-json\/wp\/v2\/product_brand?post=5379"},{"taxonomy":"product_cat","embeddable":true,"href":"https:\/\/tones-syslerier.no\/index.php\/wp-json\/wp\/v2\/product_cat?post=5379"},{"taxonomy":"product_tag","embeddable":true,"href":"https:\/\/tones-syslerier.no\/index.php\/wp-json\/wp\/v2\/product_tag?post=5379"}],"curies":[{"name":"wp","href":"https:\/\/api.w.org\/{rel}","templated":true}]}}