{"id":5233,"date":"2025-06-04T10:43:30","date_gmt":"2025-06-04T08:43:30","guid":{"rendered":"https:\/\/tones-syslerier.no\/?post_type=product&#038;p=5233"},"modified":"2025-07-31T12:58:50","modified_gmt":"2025-07-31T10:58:50","slug":"studio-light-essentials-mask-stencil-oldtimer-chique","status":"publish","type":"product","link":"https:\/\/tones-syslerier.no\/index.php\/produkt\/studio-light-essentials-mask-stencil-oldtimer-chique\/","title":{"rendered":"Studio Light \u2022 Essentials Mask Stencil Oldtimer Chique"},"content":{"rendered":"<div class=\"n4sEPd\">\n<div class=\"FFpbKc\"><\/div>\n<\/div>\n<div class=\"QcsUad BDJ8fb BLojaf sMVRZe hCXDsb wneUed\">\n<div class=\"usGWQd\">\n<div class=\"KkbLmb\">\n<div class=\"lRu31\" dir=\"ltr\">Artikkelkode SL-ES-MASK365<br \/>\nStrekkode 8713943162729<br \/>\nProduktm\u00e5l 14,8 x 21 x 0,1 cm<br \/>\nVolum antall stk. 1<br \/>\nMerke Studio Light<br \/>\nProdukttype Sjablong<br \/>\nSortering Maskesjablong<br \/>\nMateriale Plast<br \/>\nProduktlinje<br \/>\nM\u00f8nster Blader, Tall, Landskap, Grener, Kj\u00f8ret\u00f8y<br \/>\nBruksomr\u00e5de Scrapbooking, Kortlaging, Blandet media<\/div>\n<div dir=\"ltr\"><\/div>\n<\/div>\n<div dir=\"ltr\"><img loading=\"lazy\" decoding=\"async\" class=\"alignnone size-medium wp-image-5234\" src=\"https:\/\/tones-syslerier.no\/wp-content\/uploads\/2025\/06\/sl_es_mask365_01_b33b-300x300.webp\" alt=\"\" width=\"300\" height=\"300\" srcset=\"https:\/\/tones-syslerier.no\/wp-content\/uploads\/2025\/06\/sl_es_mask365_01_b33b-300x300.webp 300w, https:\/\/tones-syslerier.no\/wp-content\/uploads\/2025\/06\/sl_es_mask365_01_b33b-1024x1024.webp 1024w, https:\/\/tones-syslerier.no\/wp-content\/uploads\/2025\/06\/sl_es_mask365_01_b33b-150x150.webp 150w, https:\/\/tones-syslerier.no\/wp-content\/uploads\/2025\/06\/sl_es_mask365_01_b33b-768x768.webp 768w, https:\/\/tones-syslerier.no\/wp-content\/uploads\/2025\/06\/sl_es_mask365_01_b33b-1536x1536.webp 1536w, https:\/\/tones-syslerier.no\/wp-content\/uploads\/2025\/06\/sl_es_mask365_01_b33b-324x324.webp 324w, https:\/\/tones-syslerier.no\/wp-content\/uploads\/2025\/06\/sl_es_mask365_01_b33b-416x416.webp 416w, https:\/\/tones-syslerier.no\/wp-content\/uploads\/2025\/06\/sl_es_mask365_01_b33b-100x100.webp 100w, https:\/\/tones-syslerier.no\/wp-content\/uploads\/2025\/06\/sl_es_mask365_01_b33b.webp 1600w\" sizes=\"auto, (max-width: 300px) 100vw, 300px\" \/><\/div>\n<div dir=\"ltr\"><\/div>\n<\/div>\n<\/div>\n<div dir=\"ltr\"><\/div>\n<div class=\"QcsUad BDJ8fb BLojaf sMVRZe hCXDsb wneUed\">\n<div dir=\"ltr\"><img loading=\"lazy\" decoding=\"async\" class=\"alignnone size-medium wp-image-5235\" src=\"https:\/\/tones-syslerier.no\/wp-content\/uploads\/2025\/06\/sl_es_mask365_02_9c1f-300x300.webp\" alt=\"\" width=\"300\" height=\"300\" srcset=\"https:\/\/tones-syslerier.no\/wp-content\/uploads\/2025\/06\/sl_es_mask365_02_9c1f-300x300.webp 300w, https:\/\/tones-syslerier.no\/wp-content\/uploads\/2025\/06\/sl_es_mask365_02_9c1f-1024x1024.webp 1024w, https:\/\/tones-syslerier.no\/wp-content\/uploads\/2025\/06\/sl_es_mask365_02_9c1f-150x150.webp 150w, https:\/\/tones-syslerier.no\/wp-content\/uploads\/2025\/06\/sl_es_mask365_02_9c1f-768x768.webp 768w, https:\/\/tones-syslerier.no\/wp-content\/uploads\/2025\/06\/sl_es_mask365_02_9c1f-1536x1536.webp 1536w, https:\/\/tones-syslerier.no\/wp-content\/uploads\/2025\/06\/sl_es_mask365_02_9c1f-324x324.webp 324w, https:\/\/tones-syslerier.no\/wp-content\/uploads\/2025\/06\/sl_es_mask365_02_9c1f-416x416.webp 416w, https:\/\/tones-syslerier.no\/wp-content\/uploads\/2025\/06\/sl_es_mask365_02_9c1f-100x100.webp 100w, https:\/\/tones-syslerier.no\/wp-content\/uploads\/2025\/06\/sl_es_mask365_02_9c1f.webp 1600w\" sizes=\"auto, (max-width: 300px) 100vw, 300px\" \/><\/div>\n<\/div>\n<div dir=\"ltr\"><\/div>\n<p><img loading=\"lazy\" decoding=\"async\" class=\"alignnone size-medium wp-image-5236\" src=\"https:\/\/tones-syslerier.no\/wp-content\/uploads\/2025\/06\/sl_es_mask365_03_03ea-300x300.webp\" alt=\"\" width=\"300\" height=\"300\" srcset=\"https:\/\/tones-syslerier.no\/wp-content\/uploads\/2025\/06\/sl_es_mask365_03_03ea-300x300.webp 300w, https:\/\/tones-syslerier.no\/wp-content\/uploads\/2025\/06\/sl_es_mask365_03_03ea-1024x1024.webp 1024w, https:\/\/tones-syslerier.no\/wp-content\/uploads\/2025\/06\/sl_es_mask365_03_03ea-150x150.webp 150w, https:\/\/tones-syslerier.no\/wp-content\/uploads\/2025\/06\/sl_es_mask365_03_03ea-768x768.webp 768w, https:\/\/tones-syslerier.no\/wp-content\/uploads\/2025\/06\/sl_es_mask365_03_03ea-1536x1536.webp 1536w, https:\/\/tones-syslerier.no\/wp-content\/uploads\/2025\/06\/sl_es_mask365_03_03ea-324x324.webp 324w, https:\/\/tones-syslerier.no\/wp-content\/uploads\/2025\/06\/sl_es_mask365_03_03ea-416x416.webp 416w, https:\/\/tones-syslerier.no\/wp-content\/uploads\/2025\/06\/sl_es_mask365_03_03ea-100x100.webp 100w, https:\/\/tones-syslerier.no\/wp-content\/uploads\/2025\/06\/sl_es_mask365_03_03ea.webp 1600w\" sizes=\"auto, (max-width: 300px) 100vw, 300px\" \/><\/p>\n<p>&nbsp;<\/p>\n<p>&nbsp;<\/p>\n","protected":false},"excerpt":{"rendered":"<p>Artikkelkode SL-ES-MASK365 Strekkode 8713943162729 Produktm\u00e5l 14,8 x 21 x 0,1 cm Volum antall stk. 1 Merke Studio Light Produkttype Sjablong Sortering Maskesjablong Materiale Plast Produktlinje M\u00f8nster Blader, Tall, Landskap, Grener, Kj\u00f8ret\u00f8y Bruksomr\u00e5de Scrapbooking, Kortlaging, Blandet media &nbsp; &nbsp;<\/p>\n","protected":false},"featured_media":5234,"comment_status":"open","ping_status":"closed","template":"","meta":[],"product_brand":[],"product_cat":[185,100],"product_tag":[],"class_list":{"0":"post-5233","1":"product","2":"type-product","3":"status-publish","4":"has-post-thumbnail","6":"product_cat-stencil","7":"product_cat-studio-light-stencil","9":"first","10":"instock","11":"taxable","12":"shipping-taxable","13":"purchasable","14":"product-type-simple"},"_links":{"self":[{"href":"https:\/\/tones-syslerier.no\/index.php\/wp-json\/wp\/v2\/product\/5233","targetHints":{"allow":["GET"]}}],"collection":[{"href":"https:\/\/tones-syslerier.no\/index.php\/wp-json\/wp\/v2\/product"}],"about":[{"href":"https:\/\/tones-syslerier.no\/index.php\/wp-json\/wp\/v2\/types\/product"}],"replies":[{"embeddable":true,"href":"https:\/\/tones-syslerier.no\/index.php\/wp-json\/wp\/v2\/comments?post=5233"}],"wp:featuredmedia":[{"embeddable":true,"href":"https:\/\/tones-syslerier.no\/index.php\/wp-json\/wp\/v2\/media\/5234"}],"wp:attachment":[{"href":"https:\/\/tones-syslerier.no\/index.php\/wp-json\/wp\/v2\/media?parent=5233"}],"wp:term":[{"taxonomy":"product_brand","embeddable":true,"href":"https:\/\/tones-syslerier.no\/index.php\/wp-json\/wp\/v2\/product_brand?post=5233"},{"taxonomy":"product_cat","embeddable":true,"href":"https:\/\/tones-syslerier.no\/index.php\/wp-json\/wp\/v2\/product_cat?post=5233"},{"taxonomy":"product_tag","embeddable":true,"href":"https:\/\/tones-syslerier.no\/index.php\/wp-json\/wp\/v2\/product_tag?post=5233"}],"curies":[{"name":"wp","href":"https:\/\/api.w.org\/{rel}","templated":true}]}}