{"id":5104,"date":"2025-05-27T09:18:13","date_gmt":"2025-05-27T07:18:13","guid":{"rendered":"https:\/\/tones-syslerier.no\/?post_type=product&#038;p=5104"},"modified":"2025-12-28T13:42:42","modified_gmt":"2025-12-28T12:42:42","slug":"amsterdam-relief-paint-tube-antique-gold-814-20ml","status":"publish","type":"product","link":"https:\/\/tones-syslerier.no\/index.php\/produkt\/amsterdam-relief-paint-tube-antique-gold-814-20ml\/","title":{"rendered":"Amsterdam \u2022 Relief Paint Tube Light Gold 802 20ml"},"content":{"rendered":"<p>Amsterdam relieff maling<\/p>\n<p>V\u00e5re reliefmalinger er et flott verkt\u00f8y for \u00e5 lage godt synlige, hevede linjer med. Bruk den til \u00e5 bruke 3D-effekter p\u00e5 arbeidet ditt eller til \u00e5 legge til signaturen din som den perfekte prikken over i-en p\u00e5 arbeidet ditt.<\/p>\n<p>Laget med lysfaste pigmenter av h\u00f8y kvalitet<br \/>\nLuktfri, vannbasert formel som blir vanntett og permanent n\u00e5r den er t\u00f8rr<br \/>\nTilgjengelig i 15 farger<br \/>\nN\u00f8yaktig doseringsdyse for skarpe 3D-linjer<br \/>\nEnkel \u00e5 bruke og fester seg til b\u00e5de sugende og ikke-absorberende overflater, som papir, papp, tre, stein, gips, keramikk, glass og plexiglass<br \/>\nStolt laget i Nederland<\/p>\n<p>Produktkode 58048141<br \/>\nStrekkode 8712079449131<br \/>\nFargedetalj talents_antiekgoud<br \/>\nEmballasjem\u00e5l 5,8 x 9,8 x 14,9 cm<br \/>\nProduktm\u00e5l 2,2 x 5,5 x 14,5 cm<br \/>\nMerke Amsterdam akryl<br \/>\nProdukttype Maling<br \/>\nSorter Reliefmaling<br \/>\nBruksomr\u00e5der papp, tre, blandede medier, lerret<br \/>\nKarakteristisk vannbasert, dimensjonal, 3D<br \/>\nFarge gull<\/p>\n<p>&nbsp;<\/p>\n<p><img loading=\"lazy\" decoding=\"async\" class=\"alignnone size-medium wp-image-5105\" src=\"https:\/\/tones-syslerier.no\/wp-content\/uploads\/2025\/05\/58048141_01_4e95-300x300.webp\" alt=\"\" width=\"300\" height=\"300\" srcset=\"https:\/\/tones-syslerier.no\/wp-content\/uploads\/2025\/05\/58048141_01_4e95-300x300.webp 300w, https:\/\/tones-syslerier.no\/wp-content\/uploads\/2025\/05\/58048141_01_4e95-1024x1024.webp 1024w, https:\/\/tones-syslerier.no\/wp-content\/uploads\/2025\/05\/58048141_01_4e95-150x150.webp 150w, https:\/\/tones-syslerier.no\/wp-content\/uploads\/2025\/05\/58048141_01_4e95-768x768.webp 768w, https:\/\/tones-syslerier.no\/wp-content\/uploads\/2025\/05\/58048141_01_4e95-1536x1536.webp 1536w, https:\/\/tones-syslerier.no\/wp-content\/uploads\/2025\/05\/58048141_01_4e95-324x324.webp 324w, https:\/\/tones-syslerier.no\/wp-content\/uploads\/2025\/05\/58048141_01_4e95-416x416.webp 416w, https:\/\/tones-syslerier.no\/wp-content\/uploads\/2025\/05\/58048141_01_4e95-100x100.webp 100w, https:\/\/tones-syslerier.no\/wp-content\/uploads\/2025\/05\/58048141_01_4e95.webp 1600w\" sizes=\"auto, (max-width: 300px) 100vw, 300px\" \/><\/p>\n","protected":false},"excerpt":{"rendered":"<p>Amsterdam relieff maling V\u00e5re reliefmalinger er et flott verkt\u00f8y for \u00e5 lage godt synlige, hevede linjer med. Bruk den til \u00e5 bruke 3D-effekter p\u00e5 arbeidet ditt eller til \u00e5 legge til signaturen din som den perfekte prikken over i-en p\u00e5 arbeidet ditt. Laget med lysfaste pigmenter av h\u00f8y kvalitet Luktfri, vannbasert formel som blir vanntett [&hellip;]<\/p>\n","protected":false},"featured_media":5105,"comment_status":"open","ping_status":"closed","template":"","meta":[],"product_brand":[],"product_cat":[201,200],"product_tag":[],"class_list":{"0":"post-5104","1":"product","2":"type-product","3":"status-publish","4":"has-post-thumbnail","6":"product_cat-amsterdam-maling","7":"product_cat-maling-og-tibehor","9":"first","10":"instock","11":"taxable","12":"shipping-taxable","13":"purchasable","14":"product-type-simple"},"_links":{"self":[{"href":"https:\/\/tones-syslerier.no\/index.php\/wp-json\/wp\/v2\/product\/5104","targetHints":{"allow":["GET"]}}],"collection":[{"href":"https:\/\/tones-syslerier.no\/index.php\/wp-json\/wp\/v2\/product"}],"about":[{"href":"https:\/\/tones-syslerier.no\/index.php\/wp-json\/wp\/v2\/types\/product"}],"replies":[{"embeddable":true,"href":"https:\/\/tones-syslerier.no\/index.php\/wp-json\/wp\/v2\/comments?post=5104"}],"wp:featuredmedia":[{"embeddable":true,"href":"https:\/\/tones-syslerier.no\/index.php\/wp-json\/wp\/v2\/media\/5105"}],"wp:attachment":[{"href":"https:\/\/tones-syslerier.no\/index.php\/wp-json\/wp\/v2\/media?parent=5104"}],"wp:term":[{"taxonomy":"product_brand","embeddable":true,"href":"https:\/\/tones-syslerier.no\/index.php\/wp-json\/wp\/v2\/product_brand?post=5104"},{"taxonomy":"product_cat","embeddable":true,"href":"https:\/\/tones-syslerier.no\/index.php\/wp-json\/wp\/v2\/product_cat?post=5104"},{"taxonomy":"product_tag","embeddable":true,"href":"https:\/\/tones-syslerier.no\/index.php\/wp-json\/wp\/v2\/product_tag?post=5104"}],"curies":[{"name":"wp","href":"https:\/\/api.w.org\/{rel}","templated":true}]}}