{"id":4825,"date":"2025-04-11T17:25:20","date_gmt":"2025-04-11T15:25:20","guid":{"rendered":"https:\/\/tones-syslerier.no\/?post_type=product&#038;p=4825"},"modified":"2025-12-02T12:52:34","modified_gmt":"2025-12-02T11:52:34","slug":"vaessen-creative-foam-2mm-a5-20pcs-basic","status":"publish","type":"product","link":"https:\/\/tones-syslerier.no\/index.php\/produkt\/vaessen-creative-foam-2mm-a5-20pcs-basic\/","title":{"rendered":"Vaessen Creative \u2022 Foam 2mm A5 20pcs basic"},"content":{"rendered":"<p>KOMMER TIL LAGER ETTER P\u00c5SKE<\/p>\n<p>Skummaterialene brukes i alle slags andre hobbyprosjekter, h\u00e5ndverk og kunstgjenstander. Skummet 2mm er veldig fint til for eksempel \u00e5 fikle med barna. 2 mm skummet er lett \u00e5 klippe med saks til morsomme former og limes godt med h\u00e5ndverkslim. Det er enkelt \u00e5 kutte, varme, male osv.<\/p>\n<p>Produktkode 1606-992<br \/>\nStrekkode 8716052220281<br \/>\nVolum stykker 20<br \/>\nMerke Vaessen Creative<br \/>\nMateriale Skum<br \/>\nFormat A5<br \/>\nFarge Flere farger<\/p>\n<p>&nbsp;<\/p>\n<p><img loading=\"lazy\" decoding=\"async\" class=\"alignnone size-medium wp-image-4826\" src=\"https:\/\/tones-syslerier.no\/wp-content\/uploads\/2025\/04\/1606_992_01_0ae4-300x300.webp\" alt=\"\" width=\"300\" height=\"300\" srcset=\"https:\/\/tones-syslerier.no\/wp-content\/uploads\/2025\/04\/1606_992_01_0ae4-300x300.webp 300w, https:\/\/tones-syslerier.no\/wp-content\/uploads\/2025\/04\/1606_992_01_0ae4-1024x1024.webp 1024w, https:\/\/tones-syslerier.no\/wp-content\/uploads\/2025\/04\/1606_992_01_0ae4-150x150.webp 150w, https:\/\/tones-syslerier.no\/wp-content\/uploads\/2025\/04\/1606_992_01_0ae4-768x768.webp 768w, https:\/\/tones-syslerier.no\/wp-content\/uploads\/2025\/04\/1606_992_01_0ae4-1536x1536.webp 1536w, https:\/\/tones-syslerier.no\/wp-content\/uploads\/2025\/04\/1606_992_01_0ae4-324x324.webp 324w, https:\/\/tones-syslerier.no\/wp-content\/uploads\/2025\/04\/1606_992_01_0ae4-416x416.webp 416w, https:\/\/tones-syslerier.no\/wp-content\/uploads\/2025\/04\/1606_992_01_0ae4-100x100.webp 100w, https:\/\/tones-syslerier.no\/wp-content\/uploads\/2025\/04\/1606_992_01_0ae4.webp 1600w\" sizes=\"auto, (max-width: 300px) 100vw, 300px\" \/><\/p>\n<p>&nbsp;<\/p>\n<p><img loading=\"lazy\" decoding=\"async\" class=\"alignnone size-medium wp-image-4827\" src=\"https:\/\/tones-syslerier.no\/wp-content\/uploads\/2025\/04\/1606_992_02_84d9-300x300.webp\" alt=\"\" width=\"300\" height=\"300\" srcset=\"https:\/\/tones-syslerier.no\/wp-content\/uploads\/2025\/04\/1606_992_02_84d9-300x300.webp 300w, https:\/\/tones-syslerier.no\/wp-content\/uploads\/2025\/04\/1606_992_02_84d9-1024x1024.webp 1024w, https:\/\/tones-syslerier.no\/wp-content\/uploads\/2025\/04\/1606_992_02_84d9-150x150.webp 150w, https:\/\/tones-syslerier.no\/wp-content\/uploads\/2025\/04\/1606_992_02_84d9-768x768.webp 768w, https:\/\/tones-syslerier.no\/wp-content\/uploads\/2025\/04\/1606_992_02_84d9-1536x1536.webp 1536w, https:\/\/tones-syslerier.no\/wp-content\/uploads\/2025\/04\/1606_992_02_84d9-324x324.webp 324w, https:\/\/tones-syslerier.no\/wp-content\/uploads\/2025\/04\/1606_992_02_84d9-416x416.webp 416w, https:\/\/tones-syslerier.no\/wp-content\/uploads\/2025\/04\/1606_992_02_84d9-100x100.webp 100w, https:\/\/tones-syslerier.no\/wp-content\/uploads\/2025\/04\/1606_992_02_84d9.webp 1600w\" sizes=\"auto, (max-width: 300px) 100vw, 300px\" \/><\/p>\n","protected":false},"excerpt":{"rendered":"<p>KOMMER TIL LAGER ETTER P\u00c5SKE Skummaterialene brukes i alle slags andre hobbyprosjekter, h\u00e5ndverk og kunstgjenstander. Skummet 2mm er veldig fint til for eksempel \u00e5 fikle med barna. 2 mm skummet er lett \u00e5 klippe med saks til morsomme former og limes godt med h\u00e5ndverkslim. Det er enkelt \u00e5 kutte, varme, male osv. Produktkode 1606-992 Strekkode [&hellip;]<\/p>\n","protected":false},"featured_media":4826,"comment_status":"open","ping_status":"closed","template":"","meta":[],"product_brand":[],"product_cat":[55],"product_tag":[],"class_list":{"0":"post-4825","1":"product","2":"type-product","3":"status-publish","4":"has-post-thumbnail","6":"product_cat-mosegummi","8":"first","9":"instock","10":"taxable","11":"shipping-taxable","12":"purchasable","13":"product-type-simple"},"_links":{"self":[{"href":"https:\/\/tones-syslerier.no\/index.php\/wp-json\/wp\/v2\/product\/4825","targetHints":{"allow":["GET"]}}],"collection":[{"href":"https:\/\/tones-syslerier.no\/index.php\/wp-json\/wp\/v2\/product"}],"about":[{"href":"https:\/\/tones-syslerier.no\/index.php\/wp-json\/wp\/v2\/types\/product"}],"replies":[{"embeddable":true,"href":"https:\/\/tones-syslerier.no\/index.php\/wp-json\/wp\/v2\/comments?post=4825"}],"wp:featuredmedia":[{"embeddable":true,"href":"https:\/\/tones-syslerier.no\/index.php\/wp-json\/wp\/v2\/media\/4826"}],"wp:attachment":[{"href":"https:\/\/tones-syslerier.no\/index.php\/wp-json\/wp\/v2\/media?parent=4825"}],"wp:term":[{"taxonomy":"product_brand","embeddable":true,"href":"https:\/\/tones-syslerier.no\/index.php\/wp-json\/wp\/v2\/product_brand?post=4825"},{"taxonomy":"product_cat","embeddable":true,"href":"https:\/\/tones-syslerier.no\/index.php\/wp-json\/wp\/v2\/product_cat?post=4825"},{"taxonomy":"product_tag","embeddable":true,"href":"https:\/\/tones-syslerier.no\/index.php\/wp-json\/wp\/v2\/product_tag?post=4825"}],"curies":[{"name":"wp","href":"https:\/\/api.w.org\/{rel}","templated":true}]}}