{"id":4080,"date":"2024-10-23T10:47:39","date_gmt":"2024-10-23T08:47:39","guid":{"rendered":"https:\/\/tones-syslerier.no\/?post_type=product&#038;p=4080"},"modified":"2025-12-28T12:45:30","modified_gmt":"2025-12-28T11:45:30","slug":"go1005-knuteskjuler-3mm-gullbelagt","status":"publish","type":"product","link":"https:\/\/tones-syslerier.no\/index.php\/produkt\/go1005-knuteskjuler-3mm-gullbelagt\/","title":{"rendered":"GO1005 Knuteskjuler 3mm Gullbelagt"},"content":{"rendered":"<p>Knuteskjuler med \u00f8ye til smykkelaging. Smykkelaging. Armb\u00e5nd. Gullbelagt<\/p>\n<p>St\u00f8rrelse: 3mm Antall i en pose: 50 stk<\/p>\n<p><img loading=\"lazy\" decoding=\"async\" class=\"alignnone size-medium wp-image-4079\" src=\"https:\/\/tones-syslerier.no\/wp-content\/uploads\/2024\/10\/go1005-300x300.webp\" alt=\"\" width=\"300\" height=\"300\" srcset=\"https:\/\/tones-syslerier.no\/wp-content\/uploads\/2024\/10\/go1005-300x300.webp 300w, https:\/\/tones-syslerier.no\/wp-content\/uploads\/2024\/10\/go1005-150x150.webp 150w, https:\/\/tones-syslerier.no\/wp-content\/uploads\/2024\/10\/go1005-768x768.webp 768w, https:\/\/tones-syslerier.no\/wp-content\/uploads\/2024\/10\/go1005-324x324.webp 324w, https:\/\/tones-syslerier.no\/wp-content\/uploads\/2024\/10\/go1005-416x416.webp 416w, https:\/\/tones-syslerier.no\/wp-content\/uploads\/2024\/10\/go1005-100x100.webp 100w, https:\/\/tones-syslerier.no\/wp-content\/uploads\/2024\/10\/go1005.webp 1000w\" sizes=\"auto, (max-width: 300px) 100vw, 300px\" \/><\/p>\n","protected":false},"excerpt":{"rendered":"<p>Knuteskjuler med \u00f8ye til smykkelaging. Smykkelaging. Armb\u00e5nd. Gullbelagt St\u00f8rrelse: 3mm Antall i en pose: 50 stk<\/p>\n","protected":false},"featured_media":4079,"comment_status":"open","ping_status":"closed","template":"","meta":[],"product_brand":[],"product_cat":[153,155],"product_tag":[],"class_list":{"0":"post-4080","1":"product","2":"type-product","3":"status-publish","4":"has-post-thumbnail","6":"product_cat-perler-og-utstyr","7":"product_cat-knuteskjuler","9":"first","10":"instock","11":"taxable","12":"shipping-taxable","13":"purchasable","14":"product-type-simple"},"_links":{"self":[{"href":"https:\/\/tones-syslerier.no\/index.php\/wp-json\/wp\/v2\/product\/4080","targetHints":{"allow":["GET"]}}],"collection":[{"href":"https:\/\/tones-syslerier.no\/index.php\/wp-json\/wp\/v2\/product"}],"about":[{"href":"https:\/\/tones-syslerier.no\/index.php\/wp-json\/wp\/v2\/types\/product"}],"replies":[{"embeddable":true,"href":"https:\/\/tones-syslerier.no\/index.php\/wp-json\/wp\/v2\/comments?post=4080"}],"wp:featuredmedia":[{"embeddable":true,"href":"https:\/\/tones-syslerier.no\/index.php\/wp-json\/wp\/v2\/media\/4079"}],"wp:attachment":[{"href":"https:\/\/tones-syslerier.no\/index.php\/wp-json\/wp\/v2\/media?parent=4080"}],"wp:term":[{"taxonomy":"product_brand","embeddable":true,"href":"https:\/\/tones-syslerier.no\/index.php\/wp-json\/wp\/v2\/product_brand?post=4080"},{"taxonomy":"product_cat","embeddable":true,"href":"https:\/\/tones-syslerier.no\/index.php\/wp-json\/wp\/v2\/product_cat?post=4080"},{"taxonomy":"product_tag","embeddable":true,"href":"https:\/\/tones-syslerier.no\/index.php\/wp-json\/wp\/v2\/product_tag?post=4080"}],"curies":[{"name":"wp","href":"https:\/\/api.w.org\/{rel}","templated":true}]}}