{"id":3831,"date":"2024-08-28T22:09:30","date_gmt":"2024-08-28T20:09:30","guid":{"rendered":"https:\/\/tones-syslerier.no\/?post_type=product&#038;p=3831"},"modified":"2026-01-09T13:31:17","modified_gmt":"2026-01-09T12:31:17","slug":"st174-stickers-bling-5mm-rosa","status":"publish","type":"product","link":"https:\/\/tones-syslerier.no\/index.php\/produkt\/st174-stickers-bling-5mm-rosa\/","title":{"rendered":"ST176 Stickers Bling 5mm Rosa"},"content":{"rendered":"<p>Runde bling, selvklebende p\u00e5 brett<\/p>\n<p>St\u00f8rrelse: 5mm Antall p\u00e5 ett brett: 330 stk<\/p>\n<p>&nbsp;<\/p>\n<p><img loading=\"lazy\" decoding=\"async\" class=\"alignnone size-medium wp-image-3832\" src=\"https:\/\/tones-syslerier.no\/wp-content\/uploads\/2024\/08\/st176-300x300.webp\" alt=\"\" width=\"300\" height=\"300\" srcset=\"https:\/\/tones-syslerier.no\/wp-content\/uploads\/2024\/08\/st176-300x300.webp 300w, https:\/\/tones-syslerier.no\/wp-content\/uploads\/2024\/08\/st176-150x150.webp 150w, https:\/\/tones-syslerier.no\/wp-content\/uploads\/2024\/08\/st176-768x768.webp 768w, https:\/\/tones-syslerier.no\/wp-content\/uploads\/2024\/08\/st176-324x324.webp 324w, https:\/\/tones-syslerier.no\/wp-content\/uploads\/2024\/08\/st176-416x416.webp 416w, https:\/\/tones-syslerier.no\/wp-content\/uploads\/2024\/08\/st176-100x100.webp 100w, https:\/\/tones-syslerier.no\/wp-content\/uploads\/2024\/08\/st176.webp 1000w\" sizes=\"auto, (max-width: 300px) 100vw, 300px\" \/><\/p>\n","protected":false},"excerpt":{"rendered":"<p>Runde bling, selvklebende p\u00e5 brett St\u00f8rrelse: 5mm Antall p\u00e5 ett brett: 330 stk &nbsp;<\/p>\n","protected":false},"featured_media":3832,"comment_status":"open","ping_status":"closed","template":"","meta":[],"product_brand":[],"product_cat":[195,82],"product_tag":[],"class_list":{"0":"post-3831","1":"product","2":"type-product","3":"status-publish","4":"has-post-thumbnail","6":"product_cat-stickers-flere-typer","7":"product_cat-stickers-bling","9":"first","10":"instock","11":"taxable","12":"shipping-taxable","13":"purchasable","14":"product-type-simple"},"_links":{"self":[{"href":"https:\/\/tones-syslerier.no\/index.php\/wp-json\/wp\/v2\/product\/3831","targetHints":{"allow":["GET"]}}],"collection":[{"href":"https:\/\/tones-syslerier.no\/index.php\/wp-json\/wp\/v2\/product"}],"about":[{"href":"https:\/\/tones-syslerier.no\/index.php\/wp-json\/wp\/v2\/types\/product"}],"replies":[{"embeddable":true,"href":"https:\/\/tones-syslerier.no\/index.php\/wp-json\/wp\/v2\/comments?post=3831"}],"wp:featuredmedia":[{"embeddable":true,"href":"https:\/\/tones-syslerier.no\/index.php\/wp-json\/wp\/v2\/media\/3832"}],"wp:attachment":[{"href":"https:\/\/tones-syslerier.no\/index.php\/wp-json\/wp\/v2\/media?parent=3831"}],"wp:term":[{"taxonomy":"product_brand","embeddable":true,"href":"https:\/\/tones-syslerier.no\/index.php\/wp-json\/wp\/v2\/product_brand?post=3831"},{"taxonomy":"product_cat","embeddable":true,"href":"https:\/\/tones-syslerier.no\/index.php\/wp-json\/wp\/v2\/product_cat?post=3831"},{"taxonomy":"product_tag","embeddable":true,"href":"https:\/\/tones-syslerier.no\/index.php\/wp-json\/wp\/v2\/product_tag?post=3831"}],"curies":[{"name":"wp","href":"https:\/\/api.w.org\/{rel}","templated":true}]}}