{"id":1509,"date":"2023-12-06T09:24:29","date_gmt":"2023-12-06T08:24:29","guid":{"rendered":"https:\/\/tones-syslerier.no\/?post_type=product&#038;p=1509"},"modified":"2026-04-23T11:15:27","modified_gmt":"2026-04-23T09:15:27","slug":"aleenes-quick-dry-tacky-glue-118ml-lim","status":"publish","type":"product","link":"https:\/\/tones-syslerier.no\/index.php\/produkt\/aleenes-quick-dry-tacky-glue-118ml-lim\/","title":{"rendered":"Aleene\u2019s \u2022 Quick dry tacky glue 118ml \u2013 Lim"},"content":{"rendered":"<p>Ekstra hurtigt\u00f8rkende, sterkt lim<br \/>\nPasser til papir, filt, tre, metall, glass, plast og mer<br \/>\nGiftfritt lim<\/p>\n<p>Duncan Crafts Aleene\u2019s Quick Dry Tacky Glue er et hurtigt\u00f8rkende og sv\u00e6rt allsidig, sterkt lim som t\u00f8rker klart. Dette flytende limet er ideelt for en rekke husarbeid og hobbyprosjekter. Du kan ikke bare bruke det til \u00e5 lime alle typer papir, men ogs\u00e5 filt, isopor, tre, metall, glass, keramikk, porselen, plast og ikke-vaskbare stoffer. Ideelt for \u00e5 feste sm\u00e5 ting som knapper, paljetter og edelstener.<\/p>\n<p>N\u00e5r du bruker limet p\u00e5 papir, stoff eller por\u00f8se materialer, er det nok \u00e5 p\u00e5f\u00f8re et tynt lag. Med tyngre materialer som tre, keramikk og halvpor\u00f8se materialer trenger du et tykkere lag med lim. Bruk om n\u00f8dvendig en limklemme under t\u00f8rking. La prosjektet t\u00f8rke i 2 til 3 minutter (avhengig av temperatur, fuktighetsniv\u00e5 og tykkelse p\u00e5 p\u00e5f\u00f8ringen) for best resultat. Under bruk er Aleene\u2019s Tacky Glue hvitt, men etter t\u00f8rking blir det helt gjennomsiktig. Overfl\u00f8dig lim kan enkelt fjernes med s\u00e5pe og vann. Siden limet l\u00f8ses opp i vann, er denne varianten ikke egnet for liming av stoffer som skal vaskes, for eksempel kl\u00e6r eller putevar.<\/p>\n<p>Artikkelkode 15979<br \/>\nMerke Aleene\u2019s<br \/>\nProduktm\u00e5l 14,76 x 4,29 x 4,29 cm<br \/>\nV\u00e6skeinnhold i produktet 118<br \/>\nProduktlinje Hurtigt\u00f8rkende, Klebrig lim<\/p>\n<p>&nbsp;<\/p>\n<p><img loading=\"lazy\" decoding=\"async\" class=\"alignnone size-medium wp-image-1510\" src=\"https:\/\/tones-syslerier.no\/wp-content\/uploads\/2023\/12\/15979-1-300x300.jpeg\" alt=\"\" width=\"300\" height=\"300\" srcset=\"https:\/\/tones-syslerier.no\/wp-content\/uploads\/2023\/12\/15979-1-300x300.jpeg 300w, https:\/\/tones-syslerier.no\/wp-content\/uploads\/2023\/12\/15979-1-150x150.jpeg 150w, https:\/\/tones-syslerier.no\/wp-content\/uploads\/2023\/12\/15979-1-768x768.jpeg 768w, https:\/\/tones-syslerier.no\/wp-content\/uploads\/2023\/12\/15979-1-324x324.jpeg 324w, https:\/\/tones-syslerier.no\/wp-content\/uploads\/2023\/12\/15979-1-416x416.jpeg 416w, https:\/\/tones-syslerier.no\/wp-content\/uploads\/2023\/12\/15979-1-100x100.jpeg 100w, https:\/\/tones-syslerier.no\/wp-content\/uploads\/2023\/12\/15979-1.jpeg 1000w\" sizes=\"auto, (max-width: 300px) 100vw, 300px\" \/><\/p>\n<p>&nbsp;<\/p>\n<p><img loading=\"lazy\" decoding=\"async\" class=\"alignnone size-medium wp-image-1511\" src=\"https:\/\/tones-syslerier.no\/wp-content\/uploads\/2023\/12\/15979-2-300x300.jpeg\" alt=\"\" width=\"300\" height=\"300\" srcset=\"https:\/\/tones-syslerier.no\/wp-content\/uploads\/2023\/12\/15979-2-300x300.jpeg 300w, https:\/\/tones-syslerier.no\/wp-content\/uploads\/2023\/12\/15979-2-150x150.jpeg 150w, https:\/\/tones-syslerier.no\/wp-content\/uploads\/2023\/12\/15979-2-324x324.jpeg 324w, https:\/\/tones-syslerier.no\/wp-content\/uploads\/2023\/12\/15979-2-416x416.jpeg 416w, https:\/\/tones-syslerier.no\/wp-content\/uploads\/2023\/12\/15979-2-100x100.jpeg 100w, https:\/\/tones-syslerier.no\/wp-content\/uploads\/2023\/12\/15979-2.jpeg 700w\" sizes=\"auto, (max-width: 300px) 100vw, 300px\" \/><\/p>\n<p>&nbsp;<\/p>\n<p><img loading=\"lazy\" decoding=\"async\" class=\"alignnone size-medium wp-image-1512\" src=\"https:\/\/tones-syslerier.no\/wp-content\/uploads\/2023\/12\/15979-3-300x300.jpeg\" alt=\"\" width=\"300\" height=\"300\" srcset=\"https:\/\/tones-syslerier.no\/wp-content\/uploads\/2023\/12\/15979-3-300x300.jpeg 300w, https:\/\/tones-syslerier.no\/wp-content\/uploads\/2023\/12\/15979-3-150x150.jpeg 150w, https:\/\/tones-syslerier.no\/wp-content\/uploads\/2023\/12\/15979-3-768x767.jpeg 768w, https:\/\/tones-syslerier.no\/wp-content\/uploads\/2023\/12\/15979-3-324x324.jpeg 324w, https:\/\/tones-syslerier.no\/wp-content\/uploads\/2023\/12\/15979-3-416x416.jpeg 416w, https:\/\/tones-syslerier.no\/wp-content\/uploads\/2023\/12\/15979-3-100x100.jpeg 100w, https:\/\/tones-syslerier.no\/wp-content\/uploads\/2023\/12\/15979-3.jpeg 1000w\" sizes=\"auto, (max-width: 300px) 100vw, 300px\" \/><\/p>\n","protected":false},"excerpt":{"rendered":"<p>Ekstra hurtigt\u00f8rkende, sterkt lim Passer til papir, filt, tre, metall, glass, plast og mer Giftfritt lim Duncan Crafts Aleene\u2019s Quick Dry Tacky Glue er et hurtigt\u00f8rkende og sv\u00e6rt allsidig, sterkt lim som t\u00f8rker klart. Dette flytende limet er ideelt for en rekke husarbeid og hobbyprosjekter. Du kan ikke bare bruke det til \u00e5 lime alle [&hellip;]<\/p>\n","protected":false},"featured_media":1510,"comment_status":"open","ping_status":"closed","template":"","meta":[],"product_brand":[],"product_cat":[145,146],"product_tag":[],"class_list":{"0":"post-1509","1":"product","2":"type-product","3":"status-publish","4":"has-post-thumbnail","6":"product_cat-aleenes","7":"product_cat-aleenes-lim","9":"first","10":"instock","11":"taxable","12":"shipping-taxable","13":"purchasable","14":"product-type-simple"},"_links":{"self":[{"href":"https:\/\/tones-syslerier.no\/index.php\/wp-json\/wp\/v2\/product\/1509","targetHints":{"allow":["GET"]}}],"collection":[{"href":"https:\/\/tones-syslerier.no\/index.php\/wp-json\/wp\/v2\/product"}],"about":[{"href":"https:\/\/tones-syslerier.no\/index.php\/wp-json\/wp\/v2\/types\/product"}],"replies":[{"embeddable":true,"href":"https:\/\/tones-syslerier.no\/index.php\/wp-json\/wp\/v2\/comments?post=1509"}],"wp:featuredmedia":[{"embeddable":true,"href":"https:\/\/tones-syslerier.no\/index.php\/wp-json\/wp\/v2\/media\/1510"}],"wp:attachment":[{"href":"https:\/\/tones-syslerier.no\/index.php\/wp-json\/wp\/v2\/media?parent=1509"}],"wp:term":[{"taxonomy":"product_brand","embeddable":true,"href":"https:\/\/tones-syslerier.no\/index.php\/wp-json\/wp\/v2\/product_brand?post=1509"},{"taxonomy":"product_cat","embeddable":true,"href":"https:\/\/tones-syslerier.no\/index.php\/wp-json\/wp\/v2\/product_cat?post=1509"},{"taxonomy":"product_tag","embeddable":true,"href":"https:\/\/tones-syslerier.no\/index.php\/wp-json\/wp\/v2\/product_tag?post=1509"}],"curies":[{"name":"wp","href":"https:\/\/api.w.org\/{rel}","templated":true}]}}