{"id":1451,"date":"2023-12-04T17:14:30","date_gmt":"2023-12-04T16:14:30","guid":{"rendered":"https:\/\/tones-syslerier.no\/?post_type=product&#038;p=1451"},"modified":"2025-02-27T18:52:43","modified_gmt":"2025-02-27T17:52:43","slug":"pyntebaer-frost-11mm-hvit","status":"publish","type":"product","link":"https:\/\/tones-syslerier.no\/index.php\/produkt\/pyntebaer-frost-11mm-hvit\/","title":{"rendered":"Pynteb\u00e6r Frost 11mm Hvit"},"content":{"rendered":"<p>Pynteb\u00e6r med frost. Brukes til pynt i scrapbooking eller p\u00e5 andre hobbyprosjekter som for eksempel dekorasjoner<\/p>\n<p>St\u00f8rrelse: ca. 11 mm.<\/p>\n<p>Antall i en boks: 80 stk. (40 stilker med 2 b\u00e6r)<\/p>\n<p>&nbsp;<\/p>\n<p><img loading=\"lazy\" decoding=\"async\" class=\"alignnone size-medium wp-image-1452\" src=\"https:\/\/tones-syslerier.no\/wp-content\/uploads\/2023\/12\/pb201-300x300.jpg\" alt=\"\" width=\"300\" height=\"300\" srcset=\"https:\/\/tones-syslerier.no\/wp-content\/uploads\/2023\/12\/pb201-300x300.jpg 300w, https:\/\/tones-syslerier.no\/wp-content\/uploads\/2023\/12\/pb201-150x150.jpg 150w, https:\/\/tones-syslerier.no\/wp-content\/uploads\/2023\/12\/pb201-768x768.jpg 768w, https:\/\/tones-syslerier.no\/wp-content\/uploads\/2023\/12\/pb201-324x324.jpg 324w, https:\/\/tones-syslerier.no\/wp-content\/uploads\/2023\/12\/pb201-416x416.jpg 416w, https:\/\/tones-syslerier.no\/wp-content\/uploads\/2023\/12\/pb201-100x100.jpg 100w, https:\/\/tones-syslerier.no\/wp-content\/uploads\/2023\/12\/pb201.jpg 1000w\" sizes=\"auto, (max-width: 300px) 100vw, 300px\" \/><\/p>\n","protected":false},"excerpt":{"rendered":"<p>Pynteb\u00e6r med frost. Brukes til pynt i scrapbooking eller p\u00e5 andre hobbyprosjekter som for eksempel dekorasjoner St\u00f8rrelse: ca. 11 mm. Antall i en boks: 80 stk. (40 stilker med 2 b\u00e6r) &nbsp;<\/p>\n","protected":false},"featured_media":1452,"comment_status":"open","ping_status":"closed","template":"","meta":[],"product_brand":[],"product_cat":[44],"product_tag":[],"class_list":{"0":"post-1451","1":"product","2":"type-product","3":"status-publish","4":"has-post-thumbnail","6":"product_cat-pynt","8":"first","9":"instock","10":"taxable","11":"shipping-taxable","12":"purchasable","13":"product-type-simple"},"_links":{"self":[{"href":"https:\/\/tones-syslerier.no\/index.php\/wp-json\/wp\/v2\/product\/1451","targetHints":{"allow":["GET"]}}],"collection":[{"href":"https:\/\/tones-syslerier.no\/index.php\/wp-json\/wp\/v2\/product"}],"about":[{"href":"https:\/\/tones-syslerier.no\/index.php\/wp-json\/wp\/v2\/types\/product"}],"replies":[{"embeddable":true,"href":"https:\/\/tones-syslerier.no\/index.php\/wp-json\/wp\/v2\/comments?post=1451"}],"wp:featuredmedia":[{"embeddable":true,"href":"https:\/\/tones-syslerier.no\/index.php\/wp-json\/wp\/v2\/media\/1452"}],"wp:attachment":[{"href":"https:\/\/tones-syslerier.no\/index.php\/wp-json\/wp\/v2\/media?parent=1451"}],"wp:term":[{"taxonomy":"product_brand","embeddable":true,"href":"https:\/\/tones-syslerier.no\/index.php\/wp-json\/wp\/v2\/product_brand?post=1451"},{"taxonomy":"product_cat","embeddable":true,"href":"https:\/\/tones-syslerier.no\/index.php\/wp-json\/wp\/v2\/product_cat?post=1451"},{"taxonomy":"product_tag","embeddable":true,"href":"https:\/\/tones-syslerier.no\/index.php\/wp-json\/wp\/v2\/product_tag?post=1451"}],"curies":[{"name":"wp","href":"https:\/\/api.w.org\/{rel}","templated":true}]}}